{"id":9309,"date":"2019-10-16T13:23:15","date_gmt":"2019-10-16T13:23:15","guid":{"rendered":"https:\/\/2019.transeuropafestival.eu\/speakers\/alida-vracic\/"},"modified":"2019-10-18T09:45:32","modified_gmt":"2019-10-18T09:45:32","slug":"alida-vracic","status":"publish","type":"portfolio","link":"https:\/\/2019.transeuropafestival.eu\/it\/speakers\/alida-vracic\/","title":{"rendered":"Alida Vra\u010di\u0107"},"content":{"rendered":"<h2><span style=\"color: #ff00ff;\">SPEAKER<\/span><\/h2>\n<p>Alida Vra\u010di\u0107 \u00e8 una scienziata politica, co-fondatrice e direttrice del think tank Populari, il think tank dei Balcani occidentali specializzato nella democratizzazione, nel buon governo e nella migrazione dei processi di costruzione dello stato postbellico. Vra\u010di\u0107 \u00e8 laureata in giurisprudenza presso l&#8217;Universit\u00e0 di Sarajevo e Karl-Franzens-Universitaet Graz, dove si \u00e8 specializzata in procedimenti penali. Prima di fondare Populari, Alida ha lavorato per la squadra del pubblico ministero in Bosnia e presso la Commissione per i diritti umani all&#8217;interno della Corte costituzionale della Bosnia. Ha inoltre guidato diversi progetti a livello balcanico per il Centro diritti umani dell&#8217;Universit\u00e0 di Sarajevo e il Programma istituzionale spagnolo. Riconosciuta per le sue doti di leadership, Vra\u010di\u0107 \u00e8 stata invitata a prendere parte a numerosi programmi di borse di studio e di laurea, compresi quelli del German Marshall Fund degli Stati Uniti e del Merkator Stiftung. Presenta regolarmente il suo lavoro in tutte le principali capitali europee ed \u00e8 stata citata come esperta regionale in numerosi Balcani e media europei &#8211; The New York Times, The Economist, Frankfurter Allgemeine Zeitung, Neue Z\u00fcrcher Zeitung, Der Standard, Reuters, Deutsche Welle &#8211; cos\u00ec come i punti vendita nordamericani.<\/p>\n<hr \/>\n<p><em><strong>Alida Vra\u010di\u0107 parler\u00e0 alla conferenza <a href=\"https:\/\/2019.transeuropafestival.eu\/europe-for-the-many\/\">Europe for the Many<\/a> il venerd\u00ec 8 novembre al Palazzo Chiaramonte-Steri.<\/strong><\/em><\/p>\n","protected":false},"excerpt":{"rendered":"<p>SPEAKER Alida Vra\u010di\u0107 \u00e8 una scienziata politica, co-fondatrice e direttrice del think tank Populari, il think tank dei Balcani occidentali specializzato nella democratizzazione, nel buon governo e nella migrazione dei processi di costruzione dello stato postbellico. Vra\u010di\u0107 \u00e8 laureata in giurisprudenza presso l&#8217;Universit\u00e0 di Sarajevo e Karl-Franzens-Universitaet Graz, dove si \u00e8 specializzata in procedimenti penali. [&hellip;]<\/p>\n","protected":false},"featured_media":9310,"comment_status":"open","ping_status":"closed","template":"","tags":[],"portfolio_entries":[81],"class_list":["post-9309","portfolio","type-portfolio","status-publish","has-post-thumbnail","hentry","portfolio_entries-friday-it"],"_links":{"self":[{"href":"https:\/\/2019.transeuropafestival.eu\/it\/wp-json\/wp\/v2\/portfolio\/9309","targetHints":{"allow":["GET"]}}],"collection":[{"href":"https:\/\/2019.transeuropafestival.eu\/it\/wp-json\/wp\/v2\/portfolio"}],"about":[{"href":"https:\/\/2019.transeuropafestival.eu\/it\/wp-json\/wp\/v2\/types\/portfolio"}],"replies":[{"embeddable":true,"href":"https:\/\/2019.transeuropafestival.eu\/it\/wp-json\/wp\/v2\/comments?post=9309"}],"version-history":[{"count":3,"href":"https:\/\/2019.transeuropafestival.eu\/it\/wp-json\/wp\/v2\/portfolio\/9309\/revisions"}],"predecessor-version":[{"id":9388,"href":"https:\/\/2019.transeuropafestival.eu\/it\/wp-json\/wp\/v2\/portfolio\/9309\/revisions\/9388"}],"wp:featuredmedia":[{"embeddable":true,"href":"https:\/\/2019.transeuropafestival.eu\/it\/wp-json\/wp\/v2\/media\/9310"}],"wp:attachment":[{"href":"https:\/\/2019.transeuropafestival.eu\/it\/wp-json\/wp\/v2\/media?parent=9309"}],"wp:term":[{"taxonomy":"post_tag","embeddable":true,"href":"https:\/\/2019.transeuropafestival.eu\/it\/wp-json\/wp\/v2\/tags?post=9309"},{"taxonomy":"portfolio_entries","embeddable":true,"href":"https:\/\/2019.transeuropafestival.eu\/it\/wp-json\/wp\/v2\/portfolio_entries?post=9309"}],"curies":[{"name":"wp","href":"https:\/\/api.w.org\/{rel}","templated":true}]}}

Alida Vračić

<h2><span style="color: #ff00ff;">SPEAKER</span></h2>
<p>Alida Vračić è una scienziata politica, co-fondatrice e direttrice del think tank Populari, il think tank dei Balcani occidentali specializzato nella democratizzazione, nel buon governo e nella migrazione dei processi di costruzione dello stato postbellico. Vračić è laureata in giurisprudenza presso l&#8217;Università di Sarajevo e Karl-Franzens-Universitaet Graz, dove si è specializzata in procedimenti penali. Prima di fondare Populari, Alida ha lavorato per la squadra del pubblico ministero in Bosnia e presso la Commissione per i diritti umani all&#8217;interno della Corte costituzionale della Bosnia. Ha inoltre guidato diversi progetti a livello balcanico per il Centro diritti umani dell&#8217;Università di Sarajevo e il Programma istituzionale spagnolo. Riconosciuta per le sue doti di leadership, Vračić è stata invitata a prendere parte a numerosi programmi di borse di studio e di laurea, compresi quelli del German Marshall Fund degli Stati Uniti e del Merkator Stiftung. Presenta regolarmente il suo lavoro in tutte le principali capitali europee ed è stata citata come esperta regionale in numerosi Balcani e media europei &#8211; The New York Times, The Economist, Frankfurter Allgemeine Zeitung, Neue Zürcher Zeitung, Der Standard, Reuters, Deutsche Welle &#8211; così come i punti vendita nordamericani.</p>
<hr />
<p><em><strong>Alida Vračić parlerà alla conferenza <a href="https://2019.transeuropafestival.eu/europe-for-the-many/">Europe for the Many</a> il venerdì 8 novembre al Palazzo Chiaramonte-Steri.</strong></em></p>

<p>SPEAKER Alida Vračić è una scienziata politica, co-fondatrice e direttrice del think tank Populari, il think tank dei Balcani occidentali specializzato nella democratizzazione, nel buon governo e nella migrazione dei processi di costruzione dello stato postbellico. Vračić è laureata in giurisprudenza presso l&#8217;Università di Sarajevo e Karl-Franzens-Universitaet Graz, dove si è specializzata in procedimenti penali. [&hellip;]</p>
